t and 9?
9
Let i = 862 + -687. Let d = 13 - 9. Suppose -2*u + 130 = 4*b, 4*u - 115 = -d*b - u. What is the highest common divisor of b and i?
35
Let m(i) = 14 - 13 + 15 - 7*i. Let g be m(-4). Calculate the greatest common factor of 110 and g.
22
Let n(x) = -9*x**2 + 380*x - 79. Let m be n(42). Calculate the highest common factor of 56 and m.
1
Let j be (-16)/(-6)*(-2 + 116/4). What is the highest common divisor of j and 18?
18
Let w be (-180)/(-720) + (-1127)/(-4). Calculate the greatest common factor of w and 6.
6
Let s = -205 - -379. What is the greatest common divisor of 6 and s?
6
Let t(d) = d**2 - 3*d - 15. Suppose -3*q - 2*q + 2*v = -33, 25 = 3*q + 4*v. Let a be t(q). What is the highest common divisor of a and 104?
13
Let q = 1998 - 1763. Calculate the greatest common divisor of q and 15.
5
Suppose 3*i - 2 - 1 = 0. Let d = -9 - -17. Let u be i*12/d*6. Calculate the greatest common divisor of 18 and u.
9
Suppose -d + 1 = 0, -5*d = 3*c + 296 - 1345. What is the greatest common factor of c and 12?
12
Suppose 0 = -4*y + 2*k + 22, y - 13 = -0*y + 2*k. Suppose 12 = y*i, -6*a + a - 2*i = -358. Let g = 10 + 0. Calculate the greatest common divisor of g and a.
10
Let s(i) = 33*i**2 - 12*i + 9. Let x be s(3). Calculate the highest common divisor of 18 and x.
18
Let j be (-1 - -75) + 4/4. Let h be 30/j - 4/10. Suppose h = -2*v - 2*n + 291 - 29, 2*n - 126 = -v. Calculate the greatest common factor of v and 17.
17
Let k = -24 + 141. What is the greatest common divisor of 52 and k?
13
Suppose -17*h = 2*h - 5681. What is the highest common factor of h and 52?
13
Suppose 7*p + 22 = 18*p. Suppose 2*v = -f + 369, -v - p*v + 3*f = -558. Calculate the greatest common divisor of v and 37.
37
Suppose h = -2*c + 2954, -24*h + 19*h + 1495 = c. What is the highest common factor of c and 25?
25
Suppose 2*o + 3*y - 25 = 0, o - 3*o + 19 = y. Calculate the highest common factor of o and 308.
4
Suppose c = 2*a + 22, -17*a + 12*a - 49 = -2*c. Suppose -5*s = -2*s - 3*o - 387, -4*o = 5*s - 672. What is the highest common factor of c and s?
12
Let x(q) = -q**2 - 3*q + 4. Let s be x(-4). Let i = 365 - 362. Suppose -i*j + s = -60. What is the highest common divisor of j and 2?
2
Let l(i) = -i**2 + 11*i + 392. Let w be l(0). What is the highest common divisor of w and 112?
56
Let j be 46/69*87/2. Let v be -4 - (4/(-1) + -29). Calculate the greatest common factor of j and v.
29
Let h(f) = -f**2 + 3*f + 1. Let c be h(3). Let u = c - -15. Suppose -6*w - 8 = -32. Calculate the greatest common divisor of w and u.
4
Let l = 19 + -43. Let v be l/(-1 + -1) + 1. What is the highest common factor of 26 and v?
13
Suppose -21 = -0*o - 7*o. Let j = 4 - -5. What is the greatest common divisor of o and j?
3
Let k(p) = -p + 152. Let w be k(0). Let n be 202/10 + (-120)/100. What is the greatest common factor of w and n?
19
Let f = -81 - -92. Calculate the highest common factor of 33 and f.
11
Let v be (24 - 2 - -1)/1. Suppose -q - 3*y = -155, -5*q + 6*y - 9*y + 799 = 0. Calculate the greatest common factor of q and v.
23
Suppose -n = 3 - 5. Suppose 0 = -n*k + k - 14. Let y = k + 24. Calculate the highest common factor of 90 and y.
10
Let u(f) = -83*f + 15. Let s be u(-4). Let p = -193 + s. Let b be 4/5*(-70)/(-4). What is the highest common divisor of b and p?
14
Let u be ((-99)/18)/((-2)/4*-1). Let h(v) = -v**2 - 9*v + 23. Let a be h(u). What is the highest common divisor of a and 3?
1
Suppose -6 = 4*b + 5*h, h = 5*b - 3*h - 13. Let u be (4/1)/b - (2 + -2). What is the highest common divisor of u and 36?
4
Let c = 220 - 144. What is the highest common divisor of c and 4?
4
Suppose 388 = 5*q - 62. Suppose 254 = -3*t + 4*a, 5*t - 4*t = -4*a - q. Let v = -18 - t. What is the highest common divisor of v and 17?
17
Suppose -35*z + 1983 = -117. Let t(x) = 18*x + 3. Let n be t(4). Calculate the greatest common divisor of n and z.
15
Let y be (12 - 13)*-2*1 + 1. Suppose y*c + 29 - 77 = 0. Calculate the highest common factor of 8 and c.
8
Suppose -3*c + 5 = z - 0*z, 4*c + 2 = 3*z. Suppose 0 = -3*p + 4 + z. Suppose -30 = -4*d + 42. What is the highest common divisor of d and p?
2
Let s = 66 - -32. Let z be ((-12)/1)/((-28)/s). Calculate the greatest common divisor of z and 63.
21
Suppose 416 = 20*c + 56. Suppose 2*b - 6*b + 48 = 0. Calculate the highest common factor of c and b.
6
Let y = 10 - 13. Let i(d) = -d**3 + 2*d**2 + d + 2. Let x be i(y). Let l = -28 - -50. Calculate the greatest common divisor of x and l.
22
Let i = 794 - 647. What is the greatest common factor of 84 and i?
21
Let p(y) = -61*y - 114. Let h be p(-9). Calculate the highest common factor of h and 30.
15
Let u(c) = 8*c**2 - 3*c + 3. Let d be u(3). Suppose 0*k - 3*k = d. Let f = k + 66. Calculate the greatest common factor of 4 and f.
4
Let s(n) be the third derivative of n**5/30 - n**4/8 - n**3 - n**2. Let z be s(4). What is the greatest common divisor of z and 154?
14
Suppose -2*y = -4*y + 28. Let w(a) = -a**2 + 4*a + 73. Let d be w(9). Calculate the greatest common factor of d and y.
14
Let z = -7 - -16. What is the greatest common factor of z and 63?
9
Let x be 36 - -1 - (1 + 0). Suppose 3*j = -3, 5*s = -j + x + 48. What is the highest common divisor of s and 85?
17
Let i = 12 - 12. Let s be (4 - i) + (-10 - -8). Suppose 2*v = -d + 8, 0*v - s*v + 4*d = -8. Calculate the highest common divisor of 32 and v.
4
Let s(r) = -2*r - 12. Let o be s(-8). Suppose -3*i = -3*d - o + 25, 15 = -5*i. Calculate the highest common factor of d and 6.
2
Let b(k) = 3*k. Let c be b(4). Let z be (-122)/(-6) - (-2)/(-6). Suppose -3*h + 79 = -5*p, h - 2*p = 8 + z. Calculate the greatest common divisor of h and c.
6
Suppose -2*t + 318 = 4*y, -8*y = -3*t - 6*y + 501. Calculate the highest common divisor of t and 15.
15
Let f(y) be the third derivative of y**4/2 + 24*y**2. Let m be f(9). What is the highest common factor of 24 and m?
12
Suppose -29*y + 392 + 304 = 0. Suppose -2 = -2*f + 16. Let w = -6 + f. What is the greatest common factor of w and y?
3
Suppose i + 9 + 4 = 0. Let o = i - -37. What is the greatest common divisor of o and 12?
12
Let b = -9 + -12. Let c = 29 + b. What is the highest common divisor of c and 1?
1
Let d be (0 - 3)/((-9)/30). Suppose -5*z = -d*z - 5. Let k be 1 + z - (-14 - -5). What is the highest common factor of 36 and k?
9
Suppose 4*d = 5*d - 12. Let p(x) = 27*x + 42. Let l be p(2). Calculate the highest common divisor of d and l.
12
Suppose -2*b + 544 = 2*m, 0 = -5*m - 0*b - 3*b + 1356. What is the greatest common factor of m and 30?
30
Let r be (13/((-260)/(-8)))/(2/10). Let x be 1*(-10 + -2)*r/(-6). Calculate the greatest common divisor of x and 6.
2
Suppose -15 + 0 = m. Let w = m + 15. Let f be -5*(w - 9) - 0. Calculate the greatest common divisor of 15 and f.
15
Suppose -3*y + 136 - 52 = 5*j, -3*j + 55 = 2*y. Calculate the greatest common factor of y and 575.
23
Let f be (0 - 15)*(-1 - 36/9). Suppose 4*k - 88 = 32. What is the greatest common divisor of k and f?
15
Suppose 5145 = -11*h + 14121. What is the highest common divisor of 6 and h?
6
Let t(g) = -4*g**2 + 32*g + 5. Let b be t(8). Suppose -b*l + 294 = 2*l. What is the greatest common factor of 28 and l?
14
Let v(t) = -t + 9. Let q be v(6). Suppose q*p + 3*p = 78. Calculate the greatest common divisor of p and 39.
13
Suppose 2 = 3*r - 1, -5*s + 378 = -2*r. What is the highest common factor of 266 and s?
38
Suppose 572 - 122 = 25*x. What is the highest common factor of x and 306?
18
Let a = 377 + -365. Calculate the highest common factor of a and 268.
4
Let u(m) = -2*m**3 - 12*m**2 - 12*m - 10. Let i(c) = -5*c + 7. Let h be i(3). Let z be u(h). Calculate the highest common factor of z and 38.
38
Suppose 2*t + 40 - 60 = 0. Let f(b) = 14*b + 40. Let k be f(t). Calculate the highest common factor of k and 20.
20
Let b be (-3)/(0 - 3) + 69. Suppose 78 = -k + u, -k + 0*u - u - b = 0. Let h = k - -107. Calculate the highest common divisor of h and 11.
11
Suppose 3*t = 3*k + 2*t + 43, 4*t = k + 29. Let h = 3 - k. Suppose h = 3*v - 8. What is the greatest common divisor of 72 and v?
8
Suppose 12*r - r - 2233 = 0. What is the greatest common factor of r and 7?
7
Let h = 22 - 14. Calculate the highest common divisor of h and 38.
2
Let l = 5 - 2. Suppose 5 = -2*x + 